+ 9, 5*n - 3 = -4*t. Let h(c) = 2*c**3 + 2*c**2 + c - 1. Let k be h(t). Calculate the greatest common factor of k and 50.
25
Let a = 41 - 25. Let j be ((-26)/(-6))/(3/9). Let t = a - j. What is the highest common divisor of t and 33?
3
Suppose 56 = -3*l - 5*h, 0 = 3*h + 12. Let i(d) = 47*d - 7 - 26*d - 22*d. Let j be i(l). Calculate the greatest common divisor of j and 20.
5
Let d(n) = -5*n - 11. Let m be d(-4). Suppose 0 = 2*a - 3 - m. Calculate the highest common factor of a and 54.
6
Suppose 1946 = 3*m - 4*b, -2*m - 242 = 4*b - 1546. What is the highest common divisor of m and 50?
50
Suppose 0 = 3*j - 2*a, 0*j - 5*a = 5*j. Suppose -4*m + 25 + 28 = 3*r, 3*r + 3*m - 51 = j. Calculate the greatest common factor of 135 and r.
15
Let q(i) = i**3 - 15*i**2 + 17*i - 23. Let d be q(14). What is the greatest common factor of d and 323?
19
Let q be 2/9 + 644/18. Let v(z) = z + 3. Suppose 4*b - 30 = -b. Let x be v(b). What is the highest common factor of q and x?
9
Let t = 2 - -5. Suppose 3*g - 6*g + x = -18, -3*x + 44 = 5*g. Calculate the greatest common factor of t and g.
7
Let b = 4 + -9. Let n(d) = -d + 9. Let w be n(b). What is the greatest common factor of w and 35?
7
Let m = 1061 - 235. Suppose 0 = 4*x - m + 254. What is the highest common divisor of 13 and x?
13
Let k(p) = 15*p + 9. Let r be k(13). Let a = r + -77. Suppose -a = -2*v - 31. What is the highest common divisor of v and 6?
6
Suppose -24 = -h - x, x - 3*x + 86 = 4*h. Let c(b) = 2*b - 36. Let d be c(h). What is the highest common divisor of 14 and d?
2
Suppose 379 = -7*t + 491. Let o = -2 - 6. Let j be ((-22)/o)/(2/128). What is the greatest common factor of t and j?
16
Let v be (-11)/((-33)/46)*21. Calculate the highest common divisor of v and 46.
46
Suppose -8*r = -260 - 84. Let u(g) = 302*g**3 - 2*g**2 + 2*g - 1. Let h be u(1). Calculate the highest common factor of h and r.
43
Suppose 0 = -0*k + 2*k. Let p be 3/(k - (-1)/5). Let i be (2/3 + 1287/(-108))*-12. What is the highest common divisor of p and i?
15
Let a = 514 + -14. Calculate the greatest common factor of a and 40.
20
Suppose 5*g = 9*g - 8. Suppose 0 = -3*x - 2*i + 15, 0 = -g*x + x + 5*i - 12. Let h be -25*(12/20 - x). Calculate the highest common factor of 40 and h.
20
Let m(p) = 2*p + 13. Let r be m(-5). Let y be ((-40)/6 - -3)/((-1)/r). What is the greatest common divisor of y and 121?
11
Let s be (-1 + 1)/2 + -1. Let u = 0 - s. Suppose 6*f - 7*f - 3 = -x, -5*x = 3*f - 47. What is the greatest common divisor of u and x?
1
Let u = -176 - -131. Let l = u - -84. Calculate the greatest common factor of 312 and l.
39
Let o(l) = 5*l**2 + 201*l + 24. Let v be o(-45). Calculate the highest common factor of v and 12.
12
Let a = -181 - -511. Let j(x) = 7*x + 5. Let q be j(12). Let u = q + -59. What is the highest common divisor of a and u?
30
Suppose 0 = 5*p - 3*w + 30, 3*p + p = 5*w - 11. Let y be 3/p + (-74)/(-6). What is the greatest common divisor of 8 and y?
4
Suppose -2*f + 12 = 8. Suppose 5*r = -f*q - 25 + 174, 4*q - 3*r = 285. Calculate the highest common divisor of q and 8.
8
Let v = -26 - -38. Let y be (21/4)/(3/v). Let u = -716 + 730. Calculate the greatest common factor of u and y.
7
Suppose -d + 110 = d. Suppose 3*a = -6, -3 = 2*y - 4*a - 1. Let l be ((-22)/y)/((-3)/(-15)). What is the greatest common factor of l and d?
11
Let v = 19 - 14. Let n be 18/(-45) - (-32)/v. What is the greatest common factor of 42 and n?
6
Let n(z) = -17*z - 34. Let i be n(-23). Calculate the greatest common divisor of 42 and i.
21
Let h be ((-354)/(-9))/(16/72). Suppose 137 = 5*v - f, 46 - h = -5*v - 2*f. What is the highest common divisor of v and 27?
27
Suppose -5*n - 15 = -0*n, -5*l + 5*n = -245. Calculate the greatest common factor of l and 1.
1
Suppose 8*s = 4*s + 32. Suppose 20 = 2*r - s. Calculate the greatest common factor of r and 112.
14
Let q = 609 + -547. Calculate the highest common factor of 186 and q.
62
Suppose -4*s = 3*o - 1289 - 181, -2*o + 987 = 5*s. Calculate the greatest common divisor of 1134 and o.
162
Suppose 25*h = 21*h + 128. Let f be 5/(1 + 0) - -3. Calculate the highest common factor of h and f.
8
Suppose 0 = 2*y - 3*y + 2. Suppose 0 = -4*j - 20, -5*j - 31 = -i - i. Calculate the greatest common factor of y and i.
1
Let i(h) = -9*h**3 - 3*h - 2. Let g be i(-1). What is the greatest common factor of g and 70?
10
Let m(l) = -l**2 - 2*l + 1. Let n be m(-3). Let s be (-72)/(-9)*(-23)/n. Calculate the greatest common divisor of 23 and s.
23
Let y(h) = -4*h - 20. Let p be y(-8). Suppose 0 = -4*x + c + 52, 0 = -x - c + 8 - 0. What is the highest common factor of p and x?
12
Suppose -2*a = -253 + 173. Calculate the highest common factor of 70 and a.
10
Let s = -26 - -71. What is the greatest common divisor of 75 and s?
15
Let g(o) = -o**2 + 9*o - 14. Let h be g(7). Suppose h = 5*b + 7 - 187. What is the greatest common divisor of 4 and b?
4
Let v(d) = 3*d**2 - 2*d - 1. Let i be v(2). Let t be (-12)/72 - (-5)/(-6). Let x be 36 + 1 - t/2*-4. Calculate the highest common factor of x and i.
7
Let k be (10/15)/((-84)/45 + 2). Suppose -3*n + 4*n - 3*r = 26, 3*n + k*r = 22. What is the greatest common divisor of n and 70?
14
Let f be ((-7)/(-2))/(2/84). Let g be 4 - 200/(2/((-8)/4)). Suppose -f = -3*y + g. Calculate the highest common factor of 13 and y.
13
Let l(h) be the second derivative of -h**4/3 + 7*h**3/2 - h**2/2 - 43*h. Let f be l(5). What is the greatest common divisor of f and 4?
4
Let s = -431 - -517. Calculate the greatest common factor of s and 1548.
86
Let b = -14 - -18. Suppose 3*h + 3 = -2*d, 4 = -3*d - b*h + 1. Let t be d + 20 - (4 + -5). Calculate the highest common factor of t and 3.
3
Let o = 61 - 56. Suppose o*v - 886 - 234 = 0. What is the greatest common divisor of 32 and v?
32
Let r(q) = -q**3 - 2*q**2 - q + 1. Let n be r(-2). Let m = -30 - -32. Let y be (6/8)/(m/8). What is the highest common factor of n and y?
3
Suppose -565 - 539 = -2*s. Suppose s = i + 2*i. Suppose -a - 2*n + i = a, -72 = -a + 4*n. Calculate the greatest common divisor of 8 and a.
8
Let o be 3*(809/6 + (-10)/(-20)). Calculate the greatest common factor of 42 and o.
14
Let d(t) = -2*t - 7. Let r be d(-5). Suppose 0 = -6*a + 75 + 123. What is the greatest common divisor of r and a?
3
Let a be (5/10)/(2/160). Calculate the highest common divisor of a and 5.
5
Let t be (((-264)/4)/(-6))/1. Calculate the highest common divisor of 44 and t.
11
Suppose 0 = -d - 4 + 7. What is the highest common divisor of 87 and d?
3
Let v be 2*7/6 - 88/66. Suppose 4*f - 4 = 16. What is the greatest common factor of f and v?
1
Let f = 52 - 50. Let s be 15/10*(f - 0). Calculate the highest common factor of s and 3.
3
Let d = -44 + 52. Let p be (d/52)/1 + (-1710)/(-39). Calculate the greatest common divisor of 484 and p.
44
Let v(d) = 4*d - 22. Let y be v(-20). Let i be (y/(-4))/(4/8). Suppose i = 21*o - 18*o. Calculate the greatest common divisor of 68 and o.
17
Let p = 14 - 11. Suppose -5*b + 30 = -p*b. Calculate the greatest common divisor of 60 and b.
15
Suppose 11891 = 46*x - 35*x. What is the greatest common divisor of x and 23?
23
Let b = 24 - 9. Suppose 49*n - 25*n = 240. What is the highest common factor of b and n?
5
Let z be (-68)/(-8) + (-6)/(-4). Let l be (4/z)/(3/60). Calculate the greatest common factor of l and 2.
2
Suppose c + 4*j - 344 - 100 = 0, 4*c = 3*j + 1795. Calculate the greatest common divisor of c and 42.
14
Let x = 9 + -1. Suppose -7*u = 26*u - 1056. What is the greatest common factor of x and u?
8
Let z(m) = 2*m**2 + 87*m + 336. Let i be z(-4). Let g = 162 + -112. What is the highest common divisor of i and g?
10
Let j be 13*4 + -6 + (-12)/(-3). What is the highest common divisor of 75 and j?
25
Suppose 392 = 17*x - 492. Suppose 7*i = 4*i + 78. Calculate the greatest common factor of x and i.
26
Let x be 11 + -8*(-5)/10. Suppose t = 87 - x. What is the greatest common divisor of t and 48?
24
Let q = -25 + 4. Let m be (-195)/q - 4/14. Let l be 84/m - 4/12. Calculate the highest common divisor of l and 27.
9
Let p be ((-14)/(-294)*7)/(1/99). What is the highest common divisor of p and 572?
11
Let g(m) = 2*m**3 + 8*m**2 + 4*m + 6. Let w be g(-4). Let j be 2*(-1)/(w/35). What is the greatest common factor of j and 14?
7
Let